8 a factor of 721?
False
Is 55 a factor of 605?
True
Is 1481 a multiple of 9?
False
Is 7 a factor of 1423?
False
Is 9 a factor of 165?
False
Is 12587 a multiple of 152?
False
Is 780 a multiple of 7?
False
Is 701 a multiple of 158?
False
Is 3517 a multiple of 20?
False
Does 2 divide 123?
False
Does 10 divide 59580?
True
Is 147 a multiple of 7?
True
Does 25 divide 142920?
False
Is 951 a multiple of 50?
False
Is 11 a factor of 10614?
False
Does 4 divide 91?
False
Is 231 even?
False
Is 17044 a multiple of 23?
False
Is 14 a factor of 1866?
False
Is 875 a multiple of 15?
False
Is 26 a factor of 104?
True
Does 85 divide 1025?
False
Is 166 a factor of 20765?
False
Does 37 divide 19462?
True
Does 67 divide 2613?
True
Does 2 divide 202?
True
Does 4 divide 27733?
False
Does 60 divide 3996?
False
Is 18 a factor of 7423?
False
Is 2 a factor of 139?
False
Is 38 a factor of 266?
True
Is 57 a factor of 2166?
True
Is 77252 a multiple of 28?
True
Is 22 a factor of 6842?
True
Is 15 a factor of 14790?
True
Is 83 a factor of 73455?
True
Does 59 divide 2784?
False
Does 16 divide 960?
True
Is 142 a multiple of 30?
False
Is 80989 a multiple of 8?
False
Does 38 divide 3908?
False
Is 4452 a multiple of 14?
True
Is 11808 a multiple of 96?
True
Is 5 a factor of 4001?
False
Is 433 a multiple of 3?
False
Is 2857 a multiple of 33?
False
Is 47090 a multiple of 44?
False
Does 18 divide 7470?
True
Does 6 divide 4026?
True
Is 8 a factor of 520?
True
Does 5 divide 117?
False
Is 2 a factor of 575?
False
Is 70964 a multiple of 113?
True
Does 18 divide 40660?
False
Is 8 a factor of 1440?
True
Is 59 a factor of 11019?
False
Does 21 divide 8324?
False
Is 414 a multiple of 18?
True
Does 31 divide 4174?
False
Is 17 a factor of 3519?
True
Is 12 a factor of 12?
True
Does 45 divide 51?
False
Does 32 divide 29904?
False
Is 41 a factor of 615?
True
Is 2040 a multiple of 6?
True
Does 25 divide 5600?
True
Does 17 divide 1224?
True
Does 26 divide 4238?
True
Is 6 a multiple of 3?
True
Does 61 divide 2562?
True
Is 4557 a multiple of 21?
True
Is 93651 a multiple of 31?
True
Does 15 divide 945?
True
Does 10 divide 180?
True
Is 1109 a multiple of 23?
False
Is 6384 a multiple of 33?
False
Is 20 a factor of 2180?
True
Is 1744 a multiple of 18?
False
Does 49 divide 50852?
False
Is 43 a factor of 43?
True
Does 4 divide 477?
False
Does 91 divide 73437?
True
Is 771 a multiple of 17?
False
Is 9 a factor of 324?
True
Is 28888 a multiple of 8?
True
Does 10 divide 2965?
False
Does 6 divide 624?
True
Does 28 divide 11032?
True
Is 3637 a multiple of 81?
False
Does 12 divide 92001?
False
Is 7090 a multiple of 66?
False
Is 19 a factor of 126?
False
Does 105 divide 5145?
True
Is 8 a factor of 5640?
True
Is 43332 a multiple of 15?
False
Does 60 divide 136020?
True
Is 12 a factor of 1060?
False
Does 17 divide 306?
True
Is 16 a multiple of 2?
True
Is 483 a multiple of 69?
True
Is 161 a factor of 11420?
False
Is 279 a multiple of 26?
False
Is 78546 a multiple of 318?
True
Is 6396 a multiple of 26?
True
Is 7 a factor of 756?
True
Is 44812 a multiple of 78?
False
Is 1160 a multiple of 15?
False
Is 8 a factor of 712?
True
Is 289 a factor of 46240?
True
Does 54 divide 162?
True
Does 16 divide 880?
True
Is 3 a factor of 12926?
False
Is 126 a multiple of 2?
True
Does 9 divide 5955?
False
Is 22428 a multiple of 36?
True
Is 52 a multiple of 52?
True
Does 52 divide 728?
True
Does 84 divide 14873?
False
Is 453 a multiple of 19?
False
Is 32 a factor of 4352?
True
Is 11 a factor of 8185?
False
Does 6 divide 10494?
True
Is 91 a factor of 4732?
True
Is 20 a factor of 12000?
True
Is 1715 a multiple of 105?
False
Does 12 divide 680?
False
Is 2153 a multiple of 10?
False
Is 2 a factor of 624?
True
Does 49 divide 9849?
True
Is 525 a multiple of 25?
True
Is 110 a factor of 990?
True
Does 4 divide 16?
True
Is 5 a factor of 290?
True
Does 18 divide 17136?
True
Does 4 divide 1906?
False
Does 15 divide 15375?
True
Is 234 a multiple of 5?
False
Is 45 a factor of 1440?
True
Is 15117 a multiple of 16?
False
Is 352 even?
True
Is 8 a factor of 988?
False
Does 46 divide 1288?
True
Is 7 a factor of 14156?
False
Does 71 divide 5443?
False
Is 89 a factor of 5073?
True
Is 14 a factor of 84?
True
Does 8 divide 456?
True
Does 56 divide 41832?
True
Does 11 divide 726?
True
Does 29 divide 19433?
False
Is 8 a factor of 9920?
True
Does 38 divide 18924?
True
Does 24 divide 272?
False
Does 23 divide 1863?
True
Is 570 a multiple of 10?
True
Is 6 a factor of 2074?
False
Does 11 divide 587?
False
Is 420 a multiple of 20?
True
Is 1096 a multiple of 137?
True
Does 16 divide 4560?
True
Is 73 a factor of 152293?
False
Does 14 divide 6895?
False
Is 10307 a multiple of 8?
False
Is 143 a factor of 2288?
True
Is 82 a multiple of 5?
False
Is 20589 a multiple of 11?
False
Is 46 a factor of 434?
False
Is 1603 a multiple of 3?
False
Is 576 a multiple of 32?
True
Does 3 divide 71?
False
Is 52 a factor of 572?
True
Does 25 divide 309?
False
Is 288 a multiple of 12?
True
Does 10 divide 10?
True
Is 17766 a multiple of 47?
True
Is 2 a factor of 364?
True
Does 24 divide 6041?
False
Is 55 a factor of 3088?
False
Does 126 divide 5292?
True
Is 8368 a multiple of 20?
False
Does 23 divide 1461?
False
Is 6 a factor of 227?
False
Does 18 divide 234?
True
Does 18 divide 3294?
True
Is 4 a factor of 7716?
True
Is 609 a multiple of 34?
False
Is 108 a factor of 20736?
True
Is 2 a factor of 145?
False
Does 13 divide 7809?
False
Does 21 divide 11726?
False
Is 442 a multiple of 26?
True
Is 14 a factor of 348?
False
Is 10 a factor of 23680?
True
Does 48 divide 283?
False
Is 11 a factor of 301?
False
Is 132 a multiple of 28?
False
Is 49 a factor of 402?
False
Is 21 a factor of 2457?
True
Is 934 a multiple of 18?
False
Is 8 a factor of 607?
False
Is 8010 a multiple of 21?
False
Is 11265 a multiple of 29?
False
Does 6 divide 8370?
True
Does 24 divide 408?
True
Is 13 a factor of 429?
True
Is 1164 a multiple of 12?
True
Does 92 divide 76747?
False
Is 21 a factor of 28?
False
Is 62 a factor of 4918?
False
Is 840 a multiple of 5?
True
Is 1327 a multiple of 2?
False
Is 36 a factor of 1188?
True
Is 6 a factor of 11429?
False
Is 1193 a multiple of 21?
False
Is 3 a factor of 937?
False
Does 234 divide 37908?
True
Is 243 a multiple of 4?
False
Does 72 divide 19630?
False
Does 5 divide 750?
True
Is 32 a factor of 53440?
True
Is 25 a factor of 95400?
True
Is 23 a factor of 92?
True
Does 7 divide 40927?
False
Is 12 a factor of 651?
False
Does 30 divide 67?
False
Does 35 divide 18737?
False
Is 15812 a multiple of 236?
True
Is 18200 a multiple of 13?
True
Is 854 a multiple of 23?
False
Is 71 a factor of 2059?
True
Does 63 divide 2631?
False
Does 47 divide 9165?
True
Is 3512 a multiple of 4?
True
Is 10 a multiple of 2?
True
Is 91 a multiple of 22?
False
Does 64 divide 3821?
False
Is 7 a factor of 2037?
True
Is 2734 a multiple of 6?
False
Does 20 divide 1600?
True
Is 113 a factor of 12769?
True
Is 117 a multiple of 19?
False
Does 67 divide 2948?
True
Is 38615 a multiple of 31?
False
Is 2790 a multiple of 10?
True
Does 22 divide 328?
False
Does 26 divide 544?
False
Is 48 a factor of 3840?
True
Is 9033 a multiple of 32?
False
Does 124 divide 1946?
False
Is 16 a factor of 1120?
True
Does 6 divide 402?
True
Is 26 a factor of 611?
False
Is 266 a multiple of 19?
True
Is 24 a factor of 1992?
True
Is 1133 a multiple of 35?
False
Is 1692 a multiple of 18?
True
Does 26 divide 21398?
True
Is 2442 a multiple of 37?
True
Is 36894 a multiple of 258?
True
Is 15757 a multiple of 177?
False
Does 14 divide 616?
True
Is 19 a factor of 190?
True
Is 44 a factor of 18649?
False
Is 19 a factor of 1054?
False
Does 21 divide 32405?
False
Does 3 divide 465?
True
Does 4 divide 668?
True
Is 8 a factor of 10296?
True
Is 50 a factor of 3300?
True
Is 3181 a multiple of 98?
False
Does 230 divide 23186?
False
Does 30 divide 90?
True
Is 4214 a multiple of 86?
True
Is 14 a factor of 103772?
False
Is 16599 a multiple of 11?
True
Is 179 a factor of 117247?
False
Does 4 divide 416?
True
Is 2 a factor of 436?
True
Does 210 divide 7980?
True
Is 16 a factor of 10208?
True
Is 514 a multiple of 9?
False
Is 26 a factor of 598?
True
Is 26569 a multiple of 177?
False
Is 10 a factor of 45100?
True
Is 169 a multiple of 105?
False
Is 6 a factor of 422?
Fa